{"id":10,"date":"2024-12-19T13:40:32","date_gmt":"2024-12-19T12:40:32","guid":{"rendered":"https:\/\/www.cafekonkret-uedem.de\/?page_id=10"},"modified":"2024-12-23T11:03:39","modified_gmt":"2024-12-23T10:03:39","slug":"deutsche-testseite","status":"publish","type":"page","link":"https:\/\/cafekonkret-uedem.de\/","title":{"rendered":""},"content":{"rendered":"\n<div class=\"wp-block-group alignfull is-layout-flow wp-container-core-group-is-layout-2 wp-block-group-is-layout-flow\" style=\"margin-top:0;margin-bottom:0\">\n<div class=\"wp-block-columns alignfull is-not-stacked-on-mobile is-layout-flex wp-container-core-columns-is-layout-1 wp-block-columns-is-layout-flex\" style=\"margin-top:0;margin-bottom:0;padding-top:var(--wp--preset--spacing--40);padding-right:var(--wp--preset--spacing--40);padding-bottom:var(--wp--preset--spacing--80);padding-left:var(--wp--preset--spacing--40)\">\n<div class=\"wp-block-column is-layout-flow wp-block-column-is-layout-flow\" style=\"flex-basis:66.66%\">\n<div class=\"wp-block-group is-vertical is-content-justification-stretch is-layout-flex wp-container-core-group-is-layout-1 wp-block-group-is-layout-flex\">\n<h2 class=\"wp-block-heading has-text-align-left has-xx-large-font-size\"><strong>Informations- und Anlaufstelle f\u00fcr Hilfesuchende<\/strong><\/h2>\n\n\n\n<h2 class=\"wp-block-heading has-xx-large-font-size\">Anschrift<\/h2>\n\n\n\n<p class=\"has-x-large-font-size\">Mosterstra\u00dfe 13<br>47589 Uedem<br>02825 7654<\/p>\n\n\n\n<h2 class=\"wp-block-heading wp-container-content-2\">info@cafekonkret-uedem.de<\/h2>\n\n\n\n<h2 class=\"wp-block-heading is-style-text-display is-style-text-display--1\" style=\"font-size:clamp(1.092rem, 1.092rem + ((1vw - 0.2rem) * 0.954), 1.7rem);\"><strong>IBAN: DE27 3206 1384 2900 6330 79<\/strong><\/h2>\n\n\n\n<p><\/p>\n\n\n\n<h2 class=\"wp-block-heading\"><br>Lebensmittel und Beratung: <br>Do. 14:30 &#8211; 16:00 Uhr<br>Sa. 10:00 &#8211; 11:30 Uhr<br><br>Schulmaterialausgabe:<br>jeden letzten Dienstag 16:00-17:30 Uhr<br>Sonder\u00f6ffnungszeiten siehe Aush\u00e4nge<br><br>Caf\u00e9 International:<br>jeden Mittwoch 16:00-18:00 Uhr<br>jeder kann kommen<br>Kaffee und Kuchen kostenlos<\/h2>\n<\/div>\n<\/div>\n<\/div>\n\n\n\n<div class=\"wp-block-columns alignfull is-style-section-2 is-layout-flex wp-container-core-columns-is-layout-2 wp-block-columns-is-layout-flex is-style-section-2--2\" style=\"padding-top:0;padding-bottom:0\">\n<div class=\"wp-block-column is-layout-flow wp-block-column-is-layout-flow\">\n<figure class=\"wp-block-image size-full\"><img loading=\"lazy\" decoding=\"async\" width=\"2481\" height=\"473\" src=\"https:\/\/cafekonkret-uedem.de\/wp-content\/uploads\/2024\/12\/Traeger.png\" alt=\"\" class=\"wp-image-36\" srcset=\"https:\/\/cafekonkret-uedem.de\/wp-content\/uploads\/2024\/12\/Traeger.png 2481w, https:\/\/cafekonkret-uedem.de\/wp-content\/uploads\/2024\/12\/Traeger-300x57.png 300w, https:\/\/cafekonkret-uedem.de\/wp-content\/uploads\/2024\/12\/Traeger-1024x195.png 1024w, https:\/\/cafekonkret-uedem.de\/wp-content\/uploads\/2024\/12\/Traeger-768x146.png 768w, https:\/\/cafekonkret-uedem.de\/wp-content\/uploads\/2024\/12\/Traeger-1536x293.png 1536w, https:\/\/cafekonkret-uedem.de\/wp-content\/uploads\/2024\/12\/Traeger-2048x390.png 2048w\" sizes=\"auto, (max-width: 2481px) 100vw, 2481px\" \/><\/figure>\n<\/div>\n<\/div>\n<\/div>\n\n\n\n<p>Verantwortliche Ansprechpartner: <br>Sujata Davids 02825 7654<br>Hans Dieter Kahrl 02825 939600 \/ 0171 9733109<\/p>\n\n\n\n<p>Wir verwenden keine Cookies!<\/p>\n","protected":false},"excerpt":{"rendered":"<p>Informations- und Anlaufstelle f\u00fcr Hilfesuchende Anschrift Mosterstra\u00dfe 1347589 Uedem02825 7654 info@cafekonkret-uedem.de IBAN: DE27 3206 1384 2900 6330 79 Lebensmittel und Beratung: Do. 14:30 &#8211; 16:00 UhrSa. 10:00 &#8211; 11:30 Uhr Schulmaterialausgabe:jeden letzten Dienstag 16:00-17:30 UhrSonder\u00f6ffnungszeiten siehe Aush\u00e4nge Caf\u00e9 International:jeden Mittwoch 16:00-18:00 Uhrjeder kann kommenKaffee und Kuchen kostenlos Verantwortliche Ansprechpartner: Sujata Davids 02825 7654Hans Dieter Kahrl [&hellip;]<\/p>\n","protected":false},"author":1,"featured_media":0,"parent":0,"menu_order":0,"comment_status":"closed","ping_status":"closed","template":"","meta":{"footnotes":""},"class_list":["post-10","page","type-page","status-publish","hentry"],"_links":{"self":[{"href":"https:\/\/cafekonkret-uedem.de\/index.php?rest_route=\/wp\/v2\/pages\/10","targetHints":{"allow":["GET"]}}],"collection":[{"href":"https:\/\/cafekonkret-uedem.de\/index.php?rest_route=\/wp\/v2\/pages"}],"about":[{"href":"https:\/\/cafekonkret-uedem.de\/index.php?rest_route=\/wp\/v2\/types\/page"}],"author":[{"embeddable":true,"href":"https:\/\/cafekonkret-uedem.de\/index.php?rest_route=\/wp\/v2\/users\/1"}],"replies":[{"embeddable":true,"href":"https:\/\/cafekonkret-uedem.de\/index.php?rest_route=%2Fwp%2Fv2%2Fcomments&post=10"}],"version-history":[{"count":33,"href":"https:\/\/cafekonkret-uedem.de\/index.php?rest_route=\/wp\/v2\/pages\/10\/revisions"}],"predecessor-version":[{"id":66,"href":"https:\/\/cafekonkret-uedem.de\/index.php?rest_route=\/wp\/v2\/pages\/10\/revisions\/66"}],"wp:attachment":[{"href":"https:\/\/cafekonkret-uedem.de\/index.php?rest_route=%2Fwp%2Fv2%2Fmedia&parent=10"}],"curies":[{"name":"wp","href":"https:\/\/api.w.org\/{rel}","templated":true}]}}

<div class="wp-block-group alignfull is-layout-flow wp-container-core-group-is-layout-2 wp-block-group-is-layout-flow" style="margin-top:0;margin-bottom:0">
<div class="wp-block-columns alignfull is-not-stacked-on-mobile is-layout-flex wp-container-core-columns-is-layout-1 wp-block-columns-is-layout-flex" style="margin-top:0;margin-bottom:0;padding-top:var(--wp--preset--spacing--40);padding-right:var(--wp--preset--spacing--40);padding-bottom:var(--wp--preset--spacing--80);padding-left:var(--wp--preset--spacing--40)">
<div class="wp-block-column is-layout-flow wp-block-column-is-layout-flow" style="flex-basis:66.66%">
<div class="wp-block-group is-vertical is-content-justification-stretch is-layout-flex wp-container-core-group-is-layout-1 wp-block-group-is-layout-flex">
<h2 class="wp-block-heading has-text-align-left has-xx-large-font-size"><strong>Informations- und Anlaufstelle für Hilfesuchende</strong></h2>



<h2 class="wp-block-heading has-xx-large-font-size">Anschrift</h2>



<p class="has-x-large-font-size">Mosterstraße 13<br>47589 Uedem<br>02825 7654</p>



<h2 class="wp-block-heading wp-container-content-2">info@cafekonkret-uedem.de</h2>



<h2 class="wp-block-heading is-style-text-display is-style-text-display--1" style="font-size:clamp(1.092rem, 1.092rem + ((1vw - 0.2rem) * 0.954), 1.7rem);"><strong>IBAN: DE27 3206 1384 2900 6330 79</strong></h2>



<p></p>



<h2 class="wp-block-heading"><br>Lebensmittel und Beratung: <br>Do. 14:30 &#8211; 16:00 Uhr<br>Sa. 10:00 &#8211; 11:30 Uhr<br><br>Schulmaterialausgabe:<br>jeden letzten Dienstag 16:00-17:30 Uhr<br>Sonderöffnungszeiten siehe Aushänge<br><br>Café International:<br>jeden Mittwoch 16:00-18:00 Uhr<br>jeder kann kommen<br>Kaffee und Kuchen kostenlos</h2>
</div>
</div>
</div>



<div class="wp-block-columns alignfull is-style-section-2 is-layout-flex wp-container-core-columns-is-layout-2 wp-block-columns-is-layout-flex is-style-section-2--2" style="padding-top:0;padding-bottom:0">
<div class="wp-block-column is-layout-flow wp-block-column-is-layout-flow">
<figure class="wp-block-image size-full"><img loading="lazy" decoding="async" width="2481" height="473" src="https://cafekonkret-uedem.de/wp-content/uploads/2024/12/Traeger.png" alt="" class="wp-image-36" srcset="https://cafekonkret-uedem.de/wp-content/uploads/2024/12/Traeger.png 2481w, https://cafekonkret-uedem.de/wp-content/uploads/2024/12/Traeger-300x57.png 300w, https://cafekonkret-uedem.de/wp-content/uploads/2024/12/Traeger-1024x195.png 1024w, https://cafekonkret-uedem.de/wp-content/uploads/2024/12/Traeger-768x146.png 768w, https://cafekonkret-uedem.de/wp-content/uploads/2024/12/Traeger-1536x293.png 1536w, https://cafekonkret-uedem.de/wp-content/uploads/2024/12/Traeger-2048x390.png 2048w" sizes="auto, (max-width: 2481px) 100vw, 2481px" /></figure>
</div>
</div>
</div>



<p>Verantwortliche Ansprechpartner: <br>Sujata Davids 02825 7654<br>Hans Dieter Kahrl 02825 939600 / 0171 9733109</p>



<p>Wir verwenden keine Cookies!</p>

<p>Informations- und Anlaufstelle für Hilfesuchende Anschrift Mosterstraße 1347589 Uedem02825 7654 info@cafekonkret-uedem.de IBAN: DE27 3206 1384 2900 6330 79 Lebensmittel und Beratung: Do. 14:30 &#8211; 16:00 UhrSa. 10:00 &#8211; 11:30 Uhr Schulmaterialausgabe:jeden letzten Dienstag 16:00-17:30 UhrSonderöffnungszeiten siehe Aushänge Café International:jeden Mittwoch 16:00-18:00 Uhrjeder kann kommenKaffee und Kuchen kostenlos Verantwortliche Ansprechpartner: Sujata Davids 02825 7654Hans Dieter Kahrl [&hellip;]</p>
